(44).
320
Let f(m) = -6*m**3 + 79*m**2 + 315*m - 666. Give f(16).
22
Let m(r) = r**3 - 63*r**2 + 238*r - 140. Calculate m(59).
-22
Let o(q) = 7*q**2 + 234*q + 416. What is o(-11)?
-1311
Let l(i) = 3*i**3 - 49*i**2 - 58*i - 119. Determine l(18).
457
Let j(g) = 32878*g - 230901. What is j(7)?
-755
Let k(j) = -193*j**2 + 1540*j - 2. Calculate k(8).
-34
Let h(r) = -197*r**3 + 1378*r**2 + 13*r - 40. Calculate h(7).
2
Let x(r) = r**3 + 32*r**2 - 27*r + 285. Give x(-33).
87
Let n(y) = 50*y - 3338. What is n(54)?
-638
Let b(p) = -p**3 + 35*p**2 + 159*p - 125. Calculate b(39).
-8
Let d(z) = -3*z**3 + 425*z**2 + 563*z - 59779. Determine d(142).
3
Let t(k) = k**3 + 673*k**2 - 6830*k - 3. Give t(10).
-3
Let d(m) = 3*m**2 + 208*m + 3354. What is d(-18)?
582
Let w(d) = -16*d**2 - 5536*d + 116. Give w(-346).
116
Let i(g) = -208*g + 172. Calculate i(-8).
1836
Let x(z) = z**3 - 8*z**2 - 261*z + 186. Give x(19).
-802
Let k(o) = o**3 - 13*o**2 - 14*o - 92. Determine k(15).
148
Let d(c) = -1956*c - 316866. Give d(-162).
6
Let b(j) = 117413*j - 2583095. Give b(22).
-9
Let i(z) = 2*z**3 - 46*z**2 + 156*z - 27. Determine i(21).
1485
Let t(b) = b**3 + 494*b**2 + 994*b + 4883. Give t(-492).
-37
Let n(w) = 2*w**2 - 864*w - 118124. Determine n(541).
-186
Let g(j) = -81*j - 1275. Determine g(-20).
345
Let b(k) = 9*k**3 + 82*k**2 - 144*k - 1339. Determine b(-9).
38
Let t(z) = -3*z**3 + 44*z**2 - 4*z - 84. Give t(15).
-369
Let z(n) = 2*n**3 - 9*n**2 - 133*n + 39. Calculate z(-7).
-157
Let p(i) = -30*i**3 - 39*i**2 - 38*i + 5. Calculate p(-1).
34
Let a(b) = -3*b**2 - 160*b + 22166. Determine a(63).
179
Let u(s) = 18*s**2 + 171*s + 77. What is u(-9)?
-4
Let g(i) = -1198*i - 118246. What is g(-98)?
-842
Let z(c) = -2*c**2 - 77*c - 1165. Calculate z(-16).
-445
Let m(p) = 1716*p + 22008. Calculate m(-13).
-300
Let b(y) = -622*y + 68448. Give b(110).
28
Let x(s) = s**3 - 171*s**2 - 2560*s + 477. Calculate x(-14).
57
Let p(r) = -8362*r + 434815. What is p(52)?
-9
Let n(b) = 1448*b + 558943. Calculate n(-386).
15
Let x(g) = -g**3 - 640*g**2 + 10500*g - 33. Give x(16).
31
Let u(d) = d**3 - 30*d**2 + 138*d - 1533. What is u(27)?
6
Let k(c) = -20*c**2 - 388*c + 92. Give k(-14).
1604
Let v(t) = 10044*t + 60690. Give v(-6).
426
Let u(x) = 1646*x + 126820. Give u(-77).
78
Let k(j) = 34*j + 9293. Give k(-250).
793
Let m(b) = -b**3 - 9*b**2 - 185*b - 2646. Calculate m(-12).
6
Let c(r) = -4*r**3 - 740*r**2 - 18*r - 3317. Calculate c(-185).
13
Let c(d) = -158*d - 6880. Calculate c(-34).
-1508
Let u(k) = -6226*k - 31136. Give u(-5).
-6
Let h(s) = 13*s**3 - 330*s**2 + 47*s + 90. Give h(25).
-1860
Let h(o) = -6*o**3 + 160*o**2 + 409*o - 71. Calculate h(29).
16
Let d(m) = -m**3 + 20*m**2 - 92*m + 49. Give d(4).
-63
Let p(m) = 6*m**3 + 7*m**2 - 18*m + 77. Give p(0).
77
Let o(t) = -3*t**2 - 103*t - 927. Give o(-12).
-123
Let f(o) = -46202*o - 184808. What is f(-4)?
0
Let n(q) = -2*q**3 - 185*q**2 - 351*q + 40. What is n(-2)?
18
Let n(r) = -1004*r - 6090. Give n(-6).
-66
Let n(m) = 829*m - 8186. Calculate n(8).
-1554
Let n(w) = -w**3 - 14*w**2 - 157*w - 1947. What is n(-15)?
633
Let q(g) = -218*g + 150. Determine q(1).
-68
Let n(z) = -1635*z - 1283. What is n(-1)?
352
Let i(o) = -2*o**2 - 458*o + 1198387. Give i(668).
-5
Let y(c) = -9*c**2 + 3612*c + 6063. Determine y(403).
18
Let u(n) = -n**3 - 111*n**2 - 220*n - 40. What is u(-109)?
178
Let t(z) = -123*z**2 + 4681*z - 266. What is t(38)?
0
Let y(t) = -t**2 - 195*t + 4069. What is y(19)?
3
Let y(l) = 2*l**3 + 8011*l**2 - 96417*l - 14. Calculate y(12).
22
Let u(h) = 2*h**3 + 78*h**2 + 749*h. Determine u(-21).
147
Let t(w) = 2*w**2 + 84*w + 163. What is t(-13)?
-591
Let x(o) = -16*o**2 - 287*o + 786. Determine x(-12).
1926
Let u(c) = -c**3 - 81*c**2 - 806*c - 38295. Give u(-77).
51
Let m(w) = 50021*w - 1000421. Calculate m(20).
-1
Let y(h) = -3246*h - 9733. What is y(-3)?
5
Let f(d) = -2909*d + 1439955. Calculate f(495).
0
Let i(j) = j**3 - 183*j**2 + 2213*j + 1286. What is i(170)?
1796
Let f(q) = 11*q**2 - 92*q - 60. Determine f(9).
3
Let d(w) = -99*w**3 - 44*w**2 - 267*w - 224. Calculate d(-1).
98
Let t(o) = -3*o**2 - 154582*o + 772959. What is t(5)?
-26
Let i(p) = -6*p**2 + 60*p + 7955. What is i(-32)?
-109
Let z(p) = -p**3 - 204*p**2 - 113*p + 58848. Calculate z(-202).
66
Let l(b) = -b**3 - 15*b**2 + 55*b + 109. What is l(-19)?
508
Let l(v) = 6474*v + 271900. Give l(-42).
-8
Let l(y) = y**2 - 360*y - 44377. What is l(-97)?
-48
Let i(m) = -19*m**2 + 6256*m - 122981. Give i(21).
16
Let s(o) = -7327*o - 1765813. Give s(-241).
-6
Let g(l) = -2*l**3 + 1113*l**2 - 721*l + 91666. What is g(556)?
-74
Let t(y) = 16*y**2 - 8652*y - 70237. Calculate t(-8).
3
Let n(u) = -722*u**2 - 13717*u + 30. What is n(-19)?
11
Let r(t) = 2*t**3 - 500*t**2 - 6283*t - 1314. What is r(262)?
-4
Let j(g) = -146170*g - 584645. What is j(-4)?
35
Let d(f) = -28*f**3 + 28*f**2 + 318*f + 289. Calculate d(-1).
27
Let q(y) = y**2 - 5815*y - 40789. Determine q(-7).
-35
Let y(m) = 13*m**2 - 1728*m - 3310. Determine y(135).
335
Let k(r) = 3*r**3 + 44*r**2 + 71*r - 288. Give k(-12).
12
Let q(u) = -u**3 + 4*u**2 + 376*u - 2716. What is q(8)?
36
Let d(v) = -2*v**3 + 88*v**2 - 291*v - 1017. Calculate d(40).
143
Let b(c) = -169*c - 4074. Calculate b(-24).
-18
Let m(r) = 3*r**3 + 4*r**2 + 41*r - 186. Give m(6).
852
Let x(n) = -2*n**2 - 329*n + 12314. Determine x(-196).
-34
Let d(s) = s**3 + 34*s**2 + 559*s + 22644. Calculate d(-36).
-72
Let q(u) = 227*u**2 + 23*u - 4. Determine q(0).
-4
Let r(o) = -1110*o - 445100. What is r(-401)?
10
Let z(l) = 20*l**2 - 20820*l - 20820. What is z(-1)?
20
Let k(s) = s**2 - 3385*s + 30374. Determine k(9).
-10
Let t(j) = 328*j + 29214. What is t(-89)?
22
Let v(o) = -79*o**2 - 892*o - 258. Give v(-11).
-5
Let j(g) = -g**3 + 47*g**2 - 159*g + 489. Give j(43).
1048
Let k(h) = -10947*h + 65638. Give k(6).
-44
Let z(p) = -18*p**2 - 405*p - 2290. Give z(-10).
-40
Let b(y) = 3*y**3 + 104*y**2 - 11*y - 135. Give b(-34).
2551
Let c(l) = l**2 - 156*l - 2618. Calculate c(170).
-238
Let u(c) = 12*c**2 + 277*c - 106. Calculate u(-12).
-1702
Let t(h) = 30*h**2 - 3545*h + 527. Calculate t(118).
-63
Let x(w) = -w**2 + 206*w - 10465. Calculate x(106).
135
Let d(a) = -a**3 - 232*a**2 - 1170*a - 8002. Calculate d(-227).
-57
Let t(p) = p**2 + 172*p + 7291. What is t(-85)?
-104
Let z(p) = 2882*p + 334165. Give z(-116).
-147
Let o(t) = 2072*t**2 - 629888*t + 6. Give o(304).
6
Let c(b) = -b**2 - 7947*b - 425856. Determine c(-54).
366
Let p(k) = 9*k**3 - 35*k**2 + k + 11. Give p(-1).
-34
Let x(z) = 867*z**2 + 45078*z - 337. Give x(-52).
-25
Let c(l) = -37318*l - 746355. Give c(-20).
5
Let w(g) = -13423*g - 630889. Give w(-47).
-8
Let y(l) = l**2 + 24*l - 438. Determine y(0).
-438
Let z(j) = 172*j - 43681. Calculate z(254).
7
Let x(a) = -389*a**2 + 158*a - 305. What is x(2)?
-1545
Let h(s) = -82*s - 5987. Give h(-74).
81
Let n(d) = -170*d**2 - 12527*d - 105406. Calculate n(-64).
2
Let w(v) = -9567*v + 57433. Give w(6).
31
Let f(w) = w**3 + 147*w**2 - 1241*w + 264. Calculate f(-155).
419
Let m(c) = -25187*c - 13928393. What is m(-553)?
18
Let w(d) = -134*d**3 + 11*d**2 + 3*d - 13. Give w(1).
-133
Let h(y) = y**3 + 69*y**2 - 3240*y + 218. What is h(-101)?
1026
Let c(p) = -p**3 + 51*p**2 - 2327*p + 104808. Determine c(48).
24
Let l(t) = -1625*t**3 + 9*t**2 + 268*t + 260. Determine l(-1).
1626
Let u(b) = 5750*b - 80413. What is u(14)?
87
Let b(x) = 8*x**2 - 114*x - 853. Calculate b(-9).
821
Let x(w) = 2*w**3 - 17*w**2 - 13*w + 16. Determine x(11).
478
Let u(i) = -150345*i + 7066210. What is u(47)?
-5
Let a(y) = y**3 + 139*y**2 + 2075*y + 24. Calculate a(-122).
-98
Let k(w) = w**2 - 659*w + 61796. What is k(547)?
532
Let c(k) = k**3 + 50*k**2 + 204*k - 1841. What is c(-45)?
-896
Let v(d) = 40*d + 77. What is v(16)?
717
Let t(w) = w**3 - 5*w**2 - 123*w - 1281. Determine t(17).
96
Let k(b) = -866*b**2 + 1142*b + 5. Calculate k(3).
-4363
Let f(p) = -p**3 - 184*p**2 - 6256*p - 153. Give f(-139).
-14
Let w(s) = -39923*s - 167. Give w(0).
-167
Let n(r) = -352*r - 27758. What is n(-79)?
50
Let l(s) = 44*s**2 + 75*s - 7. Calculate l(0).
-7
Let a(g) = g**2 - 112*g - 16544. What is a(190)?
-1724
Let o(x) = 727*x + 5921. Give o(-11).
-2076
Let q(d) = 143*d**2 - 301*d - 27. Give q(5).
2043
Let